be (2 - (-2 - 0)) + 0. Suppose -q*j = 4, -5*d + 4*j = -d. Let i(b) be the second derivative of b**4/2 + b**3/6 + b**2/2 - 4*b - 5. What is i(d)?
6
Let l = 5 + 1. Let w(d) = l + 3 + 0 + 0 - d. Calculate w(6).
3
Let m(u) = -6*u + 3. Let y(z) = -1. Let k = -2 - 0. Let t(b) = k*y(b) - m(b). Let o be (8 - 10)/((0 - 2) + 0). Calculate t(o).
5
Let x(a) = a**2 + 10*a + 6. Let t(j) = 3*j**2 + 20*j + 13. Let r(f) = 4*t(f) - 10*x(f). Calculate r(10).
-8
Let k(n) = -5*n - 4. Let x be k(-8). Suppose f = 3*l - 24, 3*l - 3*f - x = 2*f. Let u be (l + 3)/(-1 - 1). Let y(o) = -o - 9. Give y(u).
-4
Let p(a) = 4*a**2 - a - 3. Suppose 10*c = 6*c + 20. Let u(q) = 3*q**2 - 2. Let k(b) = c*p(b) - 7*u(b). Determine k(-4).
3
Let u = -28 - -22. Let c(j) = -4*j**3 - 6*j**2 + 5*j + 9. Let p(s) = 7*s**3 + 12*s**2 - 9*s - 17. Let l(t) = 5*c(t) + 3*p(t). What is l(u)?
6
Suppose o + 0 = 8. Let p(k) = 5 + 5*k - 19 - 1 - 2*k + 3. Calculate p(o).
12
Let y be (-15)/(3*8/(-16)). Let s(b) = -b - 7. What is s(y)?
-17
Let d(z) = z + 2. Let k(g) = g**2 - g - 8. Let j be k(-3). Let s be (50/(-5))/(j + -6). Calculate d(s).
7
Suppose -3*i + q - 15 = 2*i, 5 = -q. Let w = 4 + i. Let z(m) = 8 + 4*m - 15 + 0*m - 3*m + 0*m. Calculate z(w).
-7
Let o(g) = g**2 - 11*g + 6. Suppose 9 = 6*i - 3. Suppose -z + i = -6. Calculate o(z).
-18
Let t be (0 - 1) + (10 - 4). Suppose 3*g - t*h + 19 = 0, -2*h + 0 + 12 = g. Let n(i) = 2*i**2 - 4*i**2 + 1 + i**g - 3*i. Determine n(-2).
3
Suppose -3*r + 5*u - 36 = -8, -5*r - 20 = -3*u. Let v(o) = -o + 4*o - 6*o - o. What is v(r)?
4
Let w(l) = l - 6. Let f be (8 + -8)/(0 - -1). Determine w(f).
-6
Let r be (10 - (-238)/(-21))/(8/(-18)). Let h(v) be the first derivative of 9 - 1/2*v**2 - 4/3*v**r - 4*v - 1/4*v**4. What is h(-3)?
-10
Let g(f) = -f - 2. Let b(c) = c**2 + 3*c. Let i be b(-4). Let y be (210/75)/(i/10). What is g(y)?
-9
Let c(t) = t - 10. Let u(g) = 2*g**2 + 4*g + 1. Let o = 19 + -14. Suppose 9 = 2*s - o*p, 4*p - p = -4*s - 21. Let h be u(s). Determine c(h).
-3
Let h(z) be the first derivative of -z**2/2 - 7*z + 565. What is h(9)?
-16
Let y(x) = -2*x - 3. Let z(s) = -5*s. Let t be z(-4). Suppose -4*r - r = -t. What is y(r)?
-11
Suppose 21*g - 25 = 16*g. Suppose 4*o + g*b = 8, -o + 2 = 3*b - 0. Let s(k) = 5*k - 2. Determine s(o).
8
Let s(q) = -q + 1. Let r = -4 + 7. Suppose -380 = 8*c - r*c. Let g be c/(-28) - 2/(-7). Determine s(g).
-2
Let k(r) = 0*r + 75 + r - 82. Let n be k(14). Let m(t) = -t + 5. Calculate m(n).
-2
Let v(k) be the third derivative of -k**6/120 + k**5/10 - k**4/12 + 4*k**3/3 - k**2. Suppose 7 = -177*m + 176*m. Let i be 6 + (-8 - m) + -1 + 2. Determine v(i).
-4
Let r = -177 - -179. Let x(o) = o**2 - 4*o + 5. Let j be x(4). Let u(y) = -5*y + j*y**2 - 11*y**r + 1 + 0 + 5 - y**3. Determine u(-5).
6
Let z(t) = t**3 - 7*t**2 + 5*t + 2. Let l be z(6). Let f(i) be the third derivative of i**5/60 + i**4/24 - i**3/3 + 48*i**2. Calculate f(l).
10
Let d(s) = -4*s**2 + 3*s + 3. Let h(y) be the first derivative of -y**3/3 + y**2/2 - 7. Let p(z) = d(z) - 3*h(z). Determine p(3).
-6
Let x(d) be the second derivative of 2*d**3/3 + 67*d**2/2 - 8*d. Let p be x(-16). Let l(z) = z**2 - z - 2. Determine l(p).
4
Let x(r) = r**2 - 3*r - 3. Suppose -2*q - 4*y - 20 = 0, 15 = 7*q - 11*q - 3*y. What is x(q)?
-3
Let v(b) = 7*b - 185*b**3 + 4*b**2 + 361*b**3 - 177*b**3. Calculate v(5).
10
Let k(l) = 7*l**2 - 13*l + 7. Let n(i) = i**2 + 2*i - 1. Let u(g) = -k(g) - 6*n(g). Calculate u(1).
-13
Let f(i) be the third derivative of 5*i**5/12 + i**4/24 - i**3/6 - 225*i**2. Determine f(1).
25
Let r(u) = 3*u + 15*u**2 - 4 - 14*u**2 + u + u - u**3 + u. What is r(2)?
4
Let b(h) be the third derivative of h**5/15 + h**4/12 + 37*h**2 + 8. Suppose 0 = 5*x - 11 + 1. Give b(x).
20
Suppose -5*f = -0*f + 10. Let o be (f/(-3))/(4/6). Let w(g) = -9*g + 11. Let k(q) = -9*q + 13. Let x(d) = -5*k(d) + 6*w(d). Determine x(o).
-8
Let g(b) = 21*b + 7. Let k(h) = h**3 + h**2 - 5*h + 2. Let n be k(2). Let s(j) = -6*j - n*j - 17 + 14. Let t(l) = 4*g(l) + 9*s(l). What is t(2)?
-11
Let l(v) = -2*v**3 - v. Let c be 4*(-1 + 2) - (-13 + 0). Suppose 0 = -10*g + 27*g - c. Calculate l(g).
-3
Let w be (46/(-92) - (-6)/4) + 2. Let x(h) be the third derivative of 0*h + 1/2*h**w + 1/8*h**4 - 4*h**2 + 0 - 1/30*h**5. Calculate x(-2).
-11
Suppose 3*z - 25 = 20. Let u be 99/z + (-4)/(-10). Let n(k) = 11 + k + 5*k - u*k. Give n(6).
5
Let q(c) = -3*c - 3*c + 3*c. Suppose d = 3*d - 8. Suppose 0 = -2*v - 0 - d. Determine q(v).
6
Let s(o) be the third derivative of -o**5/60 + 5*o**4/24 - 2*o**3/3 + 11*o**2. Give s(4).
0
Let u(m) = -7*m - 1. Let o(q) = q**2 - 10*q + 26. Let c be o(6). Suppose -c = -3*s + 4. What is u(s)?
-15
Let n be 3/(-18) - 62/(-12). Suppose n*x - 3 = 4*x. Let v(p) = -p**3 + 3*p**2 - 3*p + 4. Calculate v(x).
-5
Let i(j) = -9*j**2 - 9*j - 19. Let w(c) = -7*c**2 - 9*c - 17. Let d(p) = 4*i(p) - 5*w(p). Calculate d(10).
-1
Let v(l) be the first derivative of -l**2/2 - 9*l - 23. Let s(a) = 2*a + 19. Let k(b) = -2*s(b) - 5*v(b). What is k(5)?
12
Let d(f) be the first derivative of -f**3/3 + 6*f**2 - 3. Let n be d(12). Let v be (1 + -2)*0 - n. Let p(w) = w**3 + w**2 - w - 4. Give p(v).
-4
Let v(c) = -5*c**3 - c**2 + 2*c - 1. Let f be ((-8)/10)/((-2)/(-5)). Let s be (-7)/f*(-2 + -8). Let q = -34 - s. Give v(q).
-5
Suppose 5*z + 5*q + 11 = -29, -5*q - 12 = -2*z. Let i(k) = 2*k**2 + 6*k - 5. Give i(z).
3
Let i(y) be the third derivative of -y**6/720 - y**5/60 + 19*y**4/24 - 16*y**2. Let o(g) be the second derivative of i(g). Calculate o(-4).
2
Let u(w) = 2*w + 18. Let h(p) = 10*p + 94. Let s(m) = 3*h(m) - 16*u(m). Calculate s(-6).
6
Let z(b) = 7*b - 17. Let u(d) = 6*d - 2. Let i(r) = -4*r + 2. Let x(k) = -8*i(k) - 5*u(k). Suppose 6 = -0*m - 2*m. Let a(c) = m*z(c) + 8*x(c). Give a(2).
-7
Let h(a) = a**2 + a. Let u be (-2)/(-7) - 24/(-14). Suppose -7*b - 10 = -9*b. Suppose -b*o = -u*o. Determine h(o).
0
Let m(h) = h**3 + 2*h**2 - h - 2. Suppose -2 = 2*y - c + 4, -5*c - 15 = 5*y. Let l be ((-2)/y)/((-2)/(-3)). Let p = l - 3. Calculate m(p).
0
Suppose 192*x + 42 = 178*x. Suppose 7 = 2*v - v. Let i(a) = -2*a + v*a + 2 + 1. What is i(x)?
-12
Let j(i) be the second derivative of i**3/3 + 15*i**2/2 + 115*i. Give j(-8).
-1
Let k(b) = 4*b**2 - b - 1. Suppose 4*q + 5*v + 9 = -15, -4*v - 18 = 2*q. Calculate k(q).
4
Let t(d) = -d**2 + d + 1. Let a(r) = 2*r - 5. Let n be a(4). Let y(l) = l**3 - 2*l**2 + 5. Let h(j) = n*t(j) - y(j). Let u = -4 + 6. Determine h(u).
-8
Let y(o) be the second derivative of 5*o**3/6 + 3*o - 69. What is y(-1)?
-5
Let l(g) be the third derivative of -g**5/60 + g**4/4 - 65*g**2 - 12. Let v = 10 + -4. Determine l(v).
0
Let x(w) = 4*w**2 - 10*w - 7. Let u(h) = -5*h**2 + 10*h + 6. Let j(t) = -3*u(t) - 4*x(t). Let s be j(8). Let r = -22 + s. Let p(z) = z + 2. Calculate p(r).
6
Let q(d) = -3*d**3 - 6*d**2 - 15*d + 14. Let y(g) = -4*g**3 - 7*g**2 - 18*g + 16. Let h(z) = 5*q(z) - 4*y(z). Give h(3).
6
Let x(i) be the first derivative of 2*i**2 + 75*i - 977. Give x(-19).
-1
Let p be ((-54)/15 + 4)*5. Let w(o) = -167 + 167 + p*o. Determine w(-5).
-10
Let j(y) = 35 + 6*y - 39 - 5*y. What is j(-4)?
-8
Let s be 22/55 + (-24)/(-15). Let q(o) = 2 + s - 7 + o. Determine q(5).
2
Suppose 0 = -5*l - 113 + 83. Let x(b) = b**2 + 7*b + 2. Give x(l).
-4
Let p(m) = -67*m + 26. Let g(d) = -107*d + 38. Let v(l) = -5*g(l) + 8*p(l). Give v(-8).
26
Let v(l) be the third derivative of l**6/120 + 3*l**5/20 - l**3/6 + l**2 - 27. What is v(-9)?
-1
Let w(q) = 6*q**3 - 6*q + 10. Let h(u) = 7*u**3 - u**2 - 6*u + 11. Let v(t) = 5*h(t) - 6*w(t). Let g = -752 + 746. Give v(g).
-5
Let v(w) = -2*w**2 - 7*w - 7. Let t(u) = -5*u**2 - 16*u - 16. Let f(j) = -3*t(j) + 7*v(j). What is f(6)?
29
Let m(f) = f**3 - 7*f**2 - 10*f - 11. Let u be -1*((-13)/(-13))/(1/37). Let q = 45 + u. Give m(q).
-27
Let s(f) = -17*f**2 - 2*f + 11. Let n(y) = -y**2 - 5*y**2 + 4 - 3*y + 2*y. Let p(b) = 11*b - 3. Let u be p(1). Let d(z) = u*n(z) - 3*s(z). Determine d(-1).
4
Suppose 0 = 3*c - 2*s - 29 - 6, -4*c + 3*s + 48 = 0. Let r(i) = -i**3 + 9*i**2 + 7*i - 12. Calculate r(c).
51
Let y(t) = 5*t + 10. Let m(v) = -2*v - 3. Let u be ((-12)/(-10))/(2/15). Suppose 5*p = -f + 6 + 7, u = 3*f. Let c(l) = p*y(l) + 7*m(l). Give c(1).
-5
Let u(j) = 5*j + 20*j**2 - 4*j*